[INFO] cloning repository https://github.com/Fractal-Technology/fractal-resarch-libra
[INFO] running `Command { std: "git" "-c" "credential.helper=" "-c" "credential.helper=/workspace/cargo-home/bin/git-credential-null" "clone" "--bare" "https://github.com/Fractal-Technology/fractal-resarch-libra" "/workspace/cache/git-repos/https%3A%2F%2Fgithub.com%2FFractal-Technology%2Ffractal-resarch-libra", kill_on_drop: false }`
[INFO] [stderr] Cloning into bare repository '/workspace/cache/git-repos/https%3A%2F%2Fgithub.com%2FFractal-Technology%2Ffractal-resarch-libra'...
[INFO] running `Command { std: "git" "rev-parse" "HEAD", kill_on_drop: false }`
[INFO] [stdout] 063957b46978945e7f4c3fb82ca84dbcbc445254
[INFO] checking Fractal-Technology/fractal-resarch-libra against master#9610dfe5a9a731ced1ea4923ecbd0c57fe367898 for beta-170-4
[INFO] running `Command { std: "git" "clone" "/workspace/cache/git-repos/https%3A%2F%2Fgithub.com%2FFractal-Technology%2Ffractal-resarch-libra" "/workspace/builds/worker-6-tc1/source", kill_on_drop: false }`
[INFO] [stderr] Cloning into '/workspace/builds/worker-6-tc1/source'...
[INFO] [stderr] done.
[INFO] validating manifest of git repo https://github.com/Fractal-Technology/fractal-resarch-libra on toolchain 9610dfe5a9a731ced1ea4923ecbd0c57fe367898
[INFO] running `Command { std: CARGO_HOME="/workspace/cargo-home" RUSTUP_HOME="/workspace/rustup-home" "/workspace/cargo-home/bin/cargo" "+9610dfe5a9a731ced1ea4923ecbd0c57fe367898" "metadata" "--manifest-path" "Cargo.toml" "--no-deps", kill_on_drop: false }`
[INFO] removed /workspace/builds/worker-6-tc1/source/.cargo/config
[INFO] removed /workspace/builds/worker-6-tc1/source/rust-toolchain
[INFO] started tweaking git repo https://github.com/Fractal-Technology/fractal-resarch-libra
[INFO] finished tweaking git repo https://github.com/Fractal-Technology/fractal-resarch-libra
[INFO] tweaked toml for git repo https://github.com/Fractal-Technology/fractal-resarch-libra written to /workspace/builds/worker-6-tc1/source/Cargo.toml
[INFO] crate git repo https://github.com/Fractal-Technology/fractal-resarch-libra already has a lockfile, it will not be regenerated
[INFO] running `Command { std: CARGO_HOME="/workspace/cargo-home" RUSTUP_HOME="/workspace/rustup-home" "/workspace/cargo-home/bin/cargo" "+9610dfe5a9a731ced1ea4923ecbd0c57fe367898" "fetch" "--manifest-path" "Cargo.toml", kill_on_drop: false }`
[INFO] [stderr]     Updating crates.io index
[INFO] [stderr]     Updating git repository `https://github.com/calibra/curve25519-dalek.git`
[INFO] [stderr]     Updating git repository `https://github.com/calibra/ed25519-dalek.git`
[INFO] [stderr]     Updating git repository `https://github.com/calibra/x25519-dalek.git`
[INFO] [stderr]     Updating git repository `https://github.com/pingcap/rust-rocksdb.git`
[INFO] [stderr]     Updating git submodule `https://github.com/pingcap/rocksdb.git`
[INFO] [stderr]     Updating git submodule `https://github.com/pingcap/titan.git`
[INFO] [stderr]     Updating git repository `https://github.com/calibra/rust-curve25519-fiat.git`
[INFO] [stderr]     Updating git submodule `https://github.com/mit-plv/fiat-crypto.git`
[INFO] [stderr]     Updating git submodule `https://github.com/thery/coqprime`
[INFO] [stderr]     Updating git submodule `https://github.com/JasonGross/coq-scripts.git`
[INFO] [stderr]     Updating git repository `https://github.com/alexcrichton/bzip2-rs.git`
[INFO] [stderr]     Updating git repository `https://github.com/busyjay/lz4-rs.git`
[INFO] [stderr]     Updating git submodule `https://github.com/lz4/lz4.git`
[INFO] [stderr]     Updating git repository `https://github.com/busyjay/rust-snappy.git`
[INFO] [stderr]     Updating git submodule `https://github.com/google/snappy.git`
[INFO] [stderr]     Updating git repository `https://github.com/gyscos/zstd-rs.git`
[INFO] [stderr]     Updating git submodule `https://github.com/facebook/zstd`
[INFO] [stderr]     Blocking waiting for file lock on package cache
[INFO] [stderr]  Downloading crates ...
[INFO] [stderr]   Downloaded structopt-derive v0.4.2
[INFO] [stderr]   Downloaded tiny-keccak v2.0.1
[INFO] [stderr]   Downloaded ref-cast-impl v1.0.0
[INFO] [stderr]   Downloaded mirai-annotations v1.6.0
[INFO] [stderr]   Downloaded proptest-derive v0.1.2
[INFO] [stderr]   Downloaded ed25519-dalek v1.0.0-pre.3
[INFO] [stderr]   Downloaded mach_o_sys v0.1.1
[INFO] [stderr]   Downloaded serde-value v0.6.0
[INFO] [stderr]   Downloaded tower-ready-cache v0.3.1
[INFO] [stderr]   Downloaded codespan v0.2.1
[INFO] [stderr]   Downloaded num-iter v0.1.40
[INFO] [stderr]   Downloaded which v3.1.0
[INFO] [stderr]   Downloaded chunked_transfer v1.0.0
[INFO] [stderr]   Downloaded tower-balance v0.3.0
[INFO] [stderr]   Downloaded parking_lot_core v0.2.14
[INFO] [stderr]   Downloaded zeroize v1.1.0
[INFO] [stderr]   Downloaded yaml-rust v0.4.3
[INFO] [stderr]   Downloaded owning_ref v0.3.3
[INFO] [stderr]   Downloaded thread-id v3.3.0
[INFO] [stderr]   Downloaded urlencoding v1.0.0
[INFO] [stderr]   Downloaded serde_yaml v0.8.11
[INFO] [stderr]   Downloaded strum_macros v0.17.1
[INFO] [stderr]   Downloaded c_linked_list v1.1.1
[INFO] [stderr]   Downloaded async-compression v0.3.1
[INFO] [stderr]   Downloaded goldenfile v1.1.0
[INFO] [stderr]   Downloaded parking_lot v0.10.0
[INFO] [stderr]   Downloaded paste v0.1.7
[INFO] [stderr]   Downloaded warp v0.2.1
[INFO] [stderr]   Downloaded pretty v0.9.0
[INFO] [stderr]   Downloaded mime_guess v1.8.7
[INFO] [stderr]   Downloaded multipart v0.16.1
[INFO] [stderr]   Downloaded prettydiff v0.3.1
[INFO] [stderr]   Downloaded time v0.2.7
[INFO] [stderr]   Downloaded reqwest v0.10.3
[INFO] [stderr]   Downloaded tower-limit v0.3.0
[INFO] [stderr]   Downloaded proptest v0.9.5
[INFO] [stderr]   Downloaded k8s-openapi v0.7.1
[INFO] [stderr]   Downloaded rusoto_ec2 v0.42.0
[INFO] [stderr]   Downloaded rusoto_ecr v0.42.0
[INFO] [stderr]   Downloaded tower v0.3.1
[INFO] [stderr]   Downloaded get_if_addrs-sys v0.1.1
[INFO] [stderr]   Downloaded strum v0.17.1
[INFO] [stderr]   Downloaded tower-timeout v0.3.0
[INFO] [stderr]   Downloaded rusoto_credential v0.42.0
[INFO] [stderr]   Downloaded subtle v2.2.2
[INFO] [stderr]   Downloaded bincode v1.2.1
[INFO] [stderr]   Downloaded codespan-reporting v0.2.1
[INFO] [stderr]   Downloaded curve25519-dalek v2.0.0
[INFO] [stderr]   Downloaded num_enum_derive v0.4.2
[INFO] [stderr]   Downloaded slog-term v2.5.0
[INFO] [stderr]   Downloaded snow v0.6.2
[INFO] [stderr]   Downloaded arc-swap v0.4.4
[INFO] [stderr]   Downloaded tokio-rustls v0.10.3
[INFO] [stderr]   Downloaded hyper-rustls v0.17.1
[INFO] [stderr]   Downloaded rusoto_signature v0.42.0
[INFO] [stderr]   Downloaded tower-discover v0.3.0
[INFO] [stderr]   Downloaded lock_api v0.3.3
[INFO] [stderr]   Downloaded rusoto_ecs v0.42.0
[INFO] [stderr]   Downloaded oorandom v11.1.0
[INFO] [stderr]   Downloaded petgraph v0.5.0
[INFO] [stderr]   Downloaded rusoto_s3 v0.42.0
[INFO] [stderr]   Downloaded slog-async v2.4.0
[INFO] [stderr]   Downloaded miow v0.3.3
[INFO] [stderr]   Downloaded headers v0.3.1
[INFO] [stderr]   Downloaded kube v0.27.0
[INFO] [stderr]   Downloaded security-framework v0.4.1
[INFO] [stderr]   Downloaded ureq v0.11.4
[INFO] [stderr]   Downloaded tungstenite v0.9.2
[INFO] [stderr]   Downloaded ctrlc v3.1.4
[INFO] [stderr]   Downloaded tracing v0.1.12
[INFO] [stderr]   Downloaded criterion v0.3.1
[INFO] [stderr]   Downloaded rust_decimal v1.2.1
[INFO] [stderr]   Downloaded rustls-native-certs v0.3.0
[INFO] [stderr]   Downloaded tokio-rustls v0.13.0
[INFO] [stderr]   Downloaded tokio-signal v0.2.9
[INFO] [stderr]   Downloaded rusoto_core v0.42.0
[INFO] [stderr]   Downloaded parking_lot v0.4.8
[INFO] [stderr]   Downloaded simplelog v0.7.4
[INFO] [stderr]   Downloaded num-rational v0.2.3
[INFO] [stderr]   Downloaded statistical v1.0.0
[INFO] [stderr]   Downloaded paste-impl v0.1.7
[INFO] [stderr]   Downloaded ct-logs v0.6.0
[INFO] [stderr]   Downloaded tokio-process v0.2.5
[INFO] [stderr]   Downloaded arbitrary v0.4.0
[INFO] [stderr]   Downloaded cached v0.11.0
[INFO] [stderr]   Downloaded plotters v0.2.12
[INFO] [stderr]   Downloaded ttl_cache v0.5.1
[INFO] [stderr]   Downloaded prometheus v0.7.0
[INFO] [stderr]   Downloaded codespan v0.5.0
[INFO] [stderr]   Downloaded libfuzzer-sys v0.3.0
[INFO] [stderr]   Downloaded codespan-reporting v0.5.0
[INFO] [stderr]   Downloaded bitvec v0.10.2
[INFO] [stderr]   Downloaded prost-build v0.6.1
[INFO] [stderr]   Downloaded yamux v0.4.3
[INFO] [stderr]   Downloaded criterion-plot v0.4.1
[INFO] [stderr]   Downloaded threshold_crypto v0.3.2
[INFO] [stderr]   Downloaded time-macros-impl v0.1.0
[INFO] [stderr]   Downloaded security-framework-sys v0.4.1
[INFO] [stderr]   Downloaded tokio-uds v0.2.6
[INFO] [stderr]   Downloaded termion v1.5.5
[INFO] [stderr]   Downloaded tonic v0.1.1
[INFO] [stderr]   Downloaded clear_on_drop v0.2.3
[INFO] [stderr]   Downloaded bit-vec v0.5.1
[INFO] [stderr]   Downloaded rand04 v0.1.1
[INFO] [stderr]   Downloaded parity-multiaddr v0.7.2
[INFO] [stderr]   Downloaded input_buffer v0.2.0
[INFO] [stderr]   Downloaded num-derive v0.3.0
[INFO] [stderr]   Downloaded tonic-build v0.1.1
[INFO] [stderr]   Downloaded async-stream-impl v0.2.1
[INFO] [stderr]   Downloaded async-stream v0.2.1
[INFO] [stderr]   Downloaded tower-util v0.3.0
[INFO] [stderr]   Downloaded tower-layer v0.3.0
[INFO] [stderr]   Downloaded tower-make v0.3.0
[INFO] [stderr]   Downloaded tracing-attributes v0.1.6
[INFO] [stderr]   Downloaded tracing-futures v0.2.2
[INFO] [stderr]   Downloaded rental v0.5.5
[INFO] [stderr]   Downloaded chashmap v2.2.2
[INFO] [stderr]   Downloaded slog-stdlog v4.0.0
[INFO] [stderr]   Downloaded ripemd160 v0.8.0
[INFO] [stderr]   Downloaded errno v0.2.4
[INFO] [stderr]   Downloaded memsec v0.5.7
[INFO] [stderr]   Downloaded num_enum v0.4.2
[INFO] [stderr]   Downloaded data-encoding v2.2.0
[INFO] [stderr]   Downloaded unsigned-varint v0.3.1
[INFO] [stderr]   Downloaded crossbeam-queue v0.1.2
[INFO] [stderr]   Downloaded assert_matches v1.3.0
[INFO] [stderr]   Downloaded tower-load-shed v0.3.0
[INFO] [stderr]   Downloaded stats_alloc v0.1.8
[INFO] [stderr]   Downloaded rand04_compat v0.1.1
[INFO] [stderr]   Downloaded bs58 v0.3.0
[INFO] [stderr]   Downloaded structopt v0.3.9
[INFO] [stderr]   Downloaded tower-buffer v0.3.0
[INFO] [stderr]   Downloaded tower-load v0.3.0
[INFO] [stderr]   Downloaded parking_lot_core v0.7.0
[INFO] [stderr]   Downloaded chacha20-poly1305-aead v0.1.2
[INFO] [stderr]   Downloaded prost-derive v0.6.1
[INFO] [stderr]   Downloaded ref-cast v1.0.0
[INFO] [stderr]   Downloaded tinytemplate v1.0.3
[INFO] [stderr]   Downloaded rusty-fork v0.2.2
[INFO] [stderr]   Downloaded rustyline v6.0.0
[INFO] [stderr]   Downloaded tower-retry v0.3.0
[INFO] [stderr]   Downloaded x25519-dalek v0.6.0
[INFO] [stderr]   Downloaded multimap v0.8.0
[INFO] [stderr]   Downloaded zeroize_derive v1.0.0
[INFO] [stderr]   Downloaded bit-vec v0.6.1
[INFO] [stderr]   Downloaded pairing v0.14.2
[INFO] [stderr]   Downloaded get_if_addrs v0.5.3
[INFO] [stderr]   Downloaded prost v0.6.1
[INFO] [stderr]   Downloaded bit-set v0.5.1
[INFO] [stderr]   Downloaded thiserror v1.0.11
[INFO] [stderr]   Downloaded assert_approx_eq v1.1.0
[INFO] [stderr]   Downloaded prost-types v0.6.1
[INFO] [stderr]   Downloaded tokio-retry v0.2.0
[INFO] [stderr]   Downloaded thiserror-impl v1.0.11
[INFO] running `Command { std: "docker" "create" "-v" "/var/lib/crater-agent-workspace/builds/worker-6-tc1/target:/opt/rustwide/target:rw,Z" "-v" "/var/lib/crater-agent-workspace/builds/worker-6-tc1/source:/opt/rustwide/workdir:ro,Z" "-v" "/var/lib/crater-agent-workspace/cargo-home:/opt/rustwide/cargo-home:ro,Z" "-v" "/var/lib/crater-agent-workspace/rustup-home:/opt/rustwide/rustup-home:ro,Z" "-e" "SOURCE_DIR=/opt/rustwide/workdir" "-e" "CARGO_TARGET_DIR=/opt/rustwide/target" "-e" "CARGO_HOME=/opt/rustwide/cargo-home" "-e" "RUSTUP_HOME=/opt/rustwide/rustup-home" "-w" "/opt/rustwide/workdir" "-m" "1610612736" "--user" "0:0" "--network" "none" "ghcr.io/rust-lang/crates-build-env/linux@sha256:19e73879b68f455e41552ea35293514db52ea292d993f571636dbffedb77a1ee" "/opt/rustwide/cargo-home/bin/cargo" "+9610dfe5a9a731ced1ea4923ecbd0c57fe367898" "metadata" "--no-deps" "--format-version=1", kill_on_drop: false }`
[INFO] [stdout] 3ca301fd79b54d228be654852b4579b84a3e1201105d3d63df57b5f25993ba7d
[INFO] running `Command { std: "docker" "start" "-a" "3ca301fd79b54d228be654852b4579b84a3e1201105d3d63df57b5f25993ba7d", kill_on_drop: false }`
[INFO] running `Command { std: "docker" "inspect" "3ca301fd79b54d228be654852b4579b84a3e1201105d3d63df57b5f25993ba7d", kill_on_drop: false }`
[INFO] running `Command { std: "docker" "rm" "-f" "3ca301fd79b54d228be654852b4579b84a3e1201105d3d63df57b5f25993ba7d", kill_on_drop: false }`
[INFO] [stdout] 3ca301fd79b54d228be654852b4579b84a3e1201105d3d63df57b5f25993ba7d
[INFO] running `Command { std: "docker" "create" "-v" "/var/lib/crater-agent-workspace/builds/worker-6-tc1/target:/opt/rustwide/target:rw,Z" "-v" "/var/lib/crater-agent-workspace/builds/worker-6-tc1/source:/opt/rustwide/workdir:ro,Z" "-v" "/var/lib/crater-agent-workspace/cargo-home:/opt/rustwide/cargo-home:ro,Z" "-v" "/var/lib/crater-agent-workspace/rustup-home:/opt/rustwide/rustup-home:ro,Z" "-e" "SOURCE_DIR=/opt/rustwide/workdir" "-e" "CARGO_TARGET_DIR=/opt/rustwide/target" "-e" "CARGO_INCREMENTAL=0" "-e" "RUST_BACKTRACE=full" "-e" "RUSTFLAGS=--cap-lints=forbid" "-e" "RUSTDOCFLAGS=--cap-lints=forbid" "-e" "CARGO_HOME=/opt/rustwide/cargo-home" "-e" "RUSTUP_HOME=/opt/rustwide/rustup-home" "-w" "/opt/rustwide/workdir" "-m" "1610612736" "--user" "0:0" "--network" "none" "ghcr.io/rust-lang/crates-build-env/linux@sha256:19e73879b68f455e41552ea35293514db52ea292d993f571636dbffedb77a1ee" "/opt/rustwide/cargo-home/bin/cargo" "+9610dfe5a9a731ced1ea4923ecbd0c57fe367898" "check" "--frozen" "--all" "--all-targets" "--message-format=json", kill_on_drop: false }`
[INFO] [stdout] 6e95372c9f9a9ae70252b67211965b3b0f958a7cd4d9339af509a89a61239c0a
[INFO] running `Command { std: "docker" "start" "-a" "6e95372c9f9a9ae70252b67211965b3b0f958a7cd4d9339af509a89a61239c0a", kill_on_drop: false }`
[INFO] [stderr]    Compiling libc v0.2.67
[INFO] [stderr]    Compiling proc-macro2 v1.0.9
[INFO] [stderr]    Compiling syn v1.0.16
[INFO] [stderr]    Compiling unicode-xid v0.2.0
[INFO] [stderr]    Compiling autocfg v1.0.0
[INFO] [stderr]    Compiling serde v1.0.104
[INFO] [stderr]    Compiling log v0.4.8
[INFO] [stderr]    Compiling byteorder v1.3.4
[INFO] [stderr]     Checking fnv v1.0.6
[INFO] [stderr]    Compiling getrandom v0.1.14
[INFO] [stderr]    Compiling maybe-uninit v2.0.0
[INFO] [stderr]    Compiling autocfg v0.1.7
[INFO] [stderr]     Checking either v1.5.3
[INFO] [stderr]     Checking rand_core v0.4.2
[INFO] [stderr]    Compiling bitflags v1.2.1
[INFO] [stderr]     Checking regex-syntax v0.6.14
[INFO] [stderr]    Compiling anyhow v1.0.26
[INFO] [stderr]    Compiling memoffset v0.5.3
[INFO] [stderr]     Checking ppv-lite86 v0.2.6
[INFO] [stderr]     Checking rand_core v0.3.1
[INFO] [stderr]     Checking rand_hc v0.1.0
[INFO] [stderr]     Checking rand_xorshift v0.1.1
[INFO] [stderr]    Compiling num-traits v0.2.11
[INFO] [stderr]    Compiling crossbeam-utils v0.7.2
[INFO] [stderr]    Compiling indexmap v1.3.2
[INFO] [stderr]    Compiling rand_chacha v0.1.1
[INFO] [stderr]    Compiling rand_pcg v0.1.2
[INFO] [stderr]    Compiling rand v0.6.5
[INFO] [stderr]    Compiling crossbeam-epoch v0.8.2
[INFO] [stderr]     Checking rand_isaac v0.1.1
[INFO] [stderr]     Checking rand_jitter v0.1.4
[INFO] [stderr]     Checking c2-chacha v0.2.3
[INFO] [stderr]    Compiling num-integer v0.1.42
[INFO] [stderr]    Compiling memchr v2.3.3
[INFO] [stderr]     Checking digest v0.8.1
[INFO] [stderr]     Checking byte-tools v0.3.1
[INFO] [stderr]     Checking block-padding v0.1.5
[INFO] [stderr]     Checking rustc-demangle v0.1.16
[INFO] [stderr]     Checking opaque-debug v0.2.3
[INFO] [stderr]     Checking once_cell v1.3.1
[INFO] [stderr]     Checking block-buffer v0.7.3
[INFO] [stderr]     Checking fake-simd v0.1.2
[INFO] [stderr]    Compiling unicode-segmentation v1.6.0
[INFO] [stderr]     Checking remove_dir_all v0.5.2
[INFO] [stderr]    Compiling quote v1.0.2
[INFO] [stderr]    Compiling itertools v0.8.2
[INFO] [stderr]     Checking smallvec v1.2.0
[INFO] [stderr]     Checking sha2 v0.8.1
[INFO] [stderr]     Checking subtle v1.0.0
[INFO] [stderr]     Checking percent-encoding v2.1.0
[INFO] [stderr]    Compiling cfg-if v0.1.10
[INFO] [stderr]     Checking matches v0.1.8
[INFO] [stderr]     Checking crypto-mac v0.7.0
[INFO] [stderr]     Checking bit-vec v0.5.1
[INFO] [stderr]    Compiling syn v0.15.44
[INFO] [stderr]     Checking itoa v0.4.5
[INFO] [stderr]     Checking crossbeam-queue v0.2.1
[INFO] [stderr]     Checking crossbeam-channel v0.4.2
[INFO] [stderr]    Compiling heck v0.3.1
[INFO] [stderr]     Checking unicode-bidi v0.3.4
[INFO] [stderr]     Checking unicode-normalization v0.1.12
[INFO] [stderr]     Checking bit-set v0.5.1
[INFO] [stderr]     Checking hex v0.4.2
[INFO] [stderr]     Checking crossbeam-deque v0.7.3
[INFO] [stderr]     Checking hmac v0.7.1
[INFO] [stderr]    Compiling typenum v1.11.2
[INFO] [stderr]    Compiling failure_derive v0.1.6
[INFO] [stderr]     Checking subtle v2.2.2
[INFO] [stderr]    Compiling jobserver v0.1.21
[INFO] [stderr]     Checking time v0.1.42
[INFO] [stderr]     Checking rand_os v0.1.3
[INFO] [stderr]     Checking wait-timeout v0.2.0
[INFO] [stderr]     Checking rand_core v0.5.1
[INFO] [stderr]     Checking crossbeam v0.7.3
[INFO] [stderr]     Checking rand v0.4.6
[INFO] [stderr]    Compiling which v3.1.0
[INFO] [stderr]    Compiling cc v1.0.50
[INFO] [stderr]     Checking rand_chacha v0.2.1
[INFO] [stderr]     Checking rand_pcg v0.2.1
[INFO] [stderr]     Checking rand v0.7.3
[INFO] [stderr]    Compiling crunchy v0.2.2
[INFO] [stderr]    Compiling prost-build v0.6.1
[INFO] [stderr]    Compiling fixedbitset v0.2.0
[INFO] [stderr]    Compiling memsec v0.5.7
[INFO] [stderr]     Checking mirai-annotations v1.6.0
[INFO] [stderr]    Compiling multimap v0.8.0
[INFO] [stderr]    Compiling generic-array v0.12.3
[INFO] [stderr]     Checking rand04 v0.1.1
[INFO] [stderr]    Compiling tiny-keccak v2.0.1
[INFO] [stderr]     Checking pairing v0.14.2
[INFO] [stderr]     Checking errno v0.2.4
[INFO] [stderr]     Checking rand04_compat v0.1.1
[INFO] [stderr]     Checking idna v0.2.0
[INFO] [stderr]     Checking hex_fmt v0.3.0
[INFO] [stderr]    Compiling petgraph v0.5.0
[INFO] [stderr]     Checking tiny-keccak v1.5.0
[INFO] [stderr]     Checking sha-1 v0.8.2
[INFO] [stderr]     Checking keccak v0.1.0
[INFO] [stderr]     Checking slab v0.4.2
[INFO] [stderr]     Checking iovec v0.1.4
[INFO] [stderr]     Checking blake2 v0.8.1
[INFO] [stderr]     Checking unsigned-varint v0.3.1
[INFO] [stderr]     Checking sha3 v0.8.2
[INFO] [stderr]     Checking arrayref v0.3.6
[INFO] [stderr]     Checking tempfile v3.1.0
[INFO] [stderr]     Checking static_assertions v1.1.0
[INFO] [stderr]     Checking data-encoding v2.2.0
[INFO] [stderr]     Checking bs58 v0.3.0
[INFO] [stderr]    Compiling ryu v1.0.2
[INFO] [stderr]     Checking num_cpus v1.12.0
[INFO] [stderr]     Checking endian-type v0.1.2
[INFO] [stderr]     Checking nibble_vec v0.0.4
[INFO] [stderr]    Compiling backtrace-sys v0.1.32
[INFO] [stderr]    Compiling clear_on_drop v0.2.3
[INFO] [stderr]     Checking arc-swap v0.4.4
[INFO] [stderr]     Checking net2 v0.2.33
[INFO] [stderr]     Checking futures-core v0.3.4
[INFO] [stderr]     Checking atty v0.2.14
[INFO] [stderr]     Checking radix_trie v0.1.6
[INFO] [stderr]     Checking thread_local v1.0.1
[INFO] [stderr]     Checking rusty-fork v0.2.2
[INFO] [stderr]     Checking pin-project-lite v0.1.4
[INFO] [stderr]     Checking aho-corasick v0.7.9
[INFO] [stderr]     Checking futures-sink v0.3.4
[INFO] [stderr]    Compiling proc-macro-nested v0.1.3
[INFO] [stderr]     Checking mio v0.6.21
[INFO] [stderr]     Checking signal-hook-registry v1.2.0
[INFO] [stderr]     Checking proptest v0.9.5
[INFO] [stderr]     Checking futures-channel v0.3.4
[INFO] [stderr]     Checking pin-utils v0.1.0-alpha.4
[INFO] [stderr]     Checking futures-io v0.3.4
[INFO] [stderr]     Checking futures-task v0.3.4
[INFO] [stderr]     Checking spin v0.5.2
[INFO] [stderr]    Compiling slog v2.5.2
[INFO] [stderr]     Checking crossbeam-utils v0.6.6
[INFO] [stderr]    Compiling httparse v1.3.4
[INFO] [stderr]     Checking tower-service v0.3.0
[INFO] [stderr]     Checking try-lock v0.2.2
[INFO] [stderr]     Checking dirs-sys v0.3.4
[INFO] [stderr]     Checking url v2.1.1
[INFO] [stderr]     Checking take_mut v0.2.2
[INFO] [stderr]     Checking thread-id v3.3.0
[INFO] [stderr]     Checking dirs v2.0.2
[INFO] [stderr]     Checking want v0.3.0
[INFO] [stderr]     Checking unicode-width v0.1.7
[INFO] [stderr]     Checking term v0.6.1
[INFO] [stderr]     Checking crossbeam-channel v0.3.9
[INFO] [stderr]     Checking libra-temppath v0.1.0 (/opt/rustwide/workdir/common/temppath)
[INFO] [stderr]     Checking mio-uds v0.6.7
[INFO] [stderr]     Checking strsim v0.8.0
[INFO] [stderr]     Checking vec_map v0.8.1
[INFO] [stderr]     Checking textwrap v0.11.0
[INFO] [stderr]    Compiling rustversion v1.0.2
[INFO] [stderr]     Checking ansi_term v0.11.0
[INFO] [stderr]     Checking regex v1.3.4
[INFO] [stderr]     Checking bit-vec v0.6.1
[INFO] [stderr]     Checking termcolor v1.1.0
[INFO] [stderr]    Compiling prometheus v0.7.0
[INFO] [stderr]    Compiling libra-metrics v0.1.0 (/opt/rustwide/workdir/common/metrics)
[INFO] [stderr]     Checking clap v2.33.0
[INFO] [stderr]     Checking smallvec v0.6.13
[INFO] [stderr]     Checking c_linked_list v1.1.1
[INFO] [stderr]     Checking slog-scope v4.3.0
[INFO] [stderr]     Checking same-file v1.0.6
[INFO] [stderr]    Compiling rayon-core v1.7.0
[INFO] [stderr]     Checking get_if_addrs v0.5.3
[INFO] [stderr]     Checking walkdir v2.3.1
[INFO] [stderr]     Checking slog-async v2.4.0
[INFO] [stderr]     Checking slog-stdlog v4.0.0
[INFO] [stderr]     Checking stable_deref_trait v1.1.1
[INFO] [stderr]     Checking parking_lot_core v0.2.14
[INFO] [stderr]     Checking typed-arena v2.0.1
[INFO] [stderr]     Checking owning_ref v0.3.3
[INFO] [stderr]     Checking difference v2.0.0
[INFO] [stderr]     Checking borrow-graph v0.0.1 (/opt/rustwide/workdir/language/borrow-graph)
[INFO] [stderr]    Compiling pkg-config v0.3.17
[INFO] [stderr]     Checking base64 v0.10.1
[INFO] [stderr]    Compiling ring v0.16.11
[INFO] [stderr]     Checking untrusted v0.7.0
[INFO] [stderr]     Checking percent-encoding v1.0.1
[INFO] [stderr]     Checking parking_lot v0.4.8
[INFO] [stderr]     Checking tower-layer v0.3.0
[INFO] [stderr]     Checking tracing-core v0.1.10
[INFO] [stderr]    Compiling glob v0.3.0
[INFO] [stderr]     Checking codespan v0.5.0
[INFO] [stderr]     Checking futures v0.1.29
[INFO] [stderr]    Compiling cmake v0.1.42
[INFO] [stderr]    Compiling bzip2-sys v0.1.8+1.0.8 (https://github.com/alexcrichton/bzip2-rs.git#461d6691)
[INFO] [stderr]     Checking chashmap v2.2.2
[INFO] [stderr]    Compiling lz4-sys v1.8.3 (https://github.com/busyjay/lz4-rs.git?branch=adjust-build#5a8afe40)
[INFO] [stderr]     Checking codespan-reporting v0.5.0
[INFO] [stderr]     Checking rayon v1.3.0
[INFO] [stderr]     Checking vm-cache-map v0.1.0 (/opt/rustwide/workdir/language/vm/vm-runtime/vm-cache-map)
[INFO] [stderr]     Checking lock_api v0.3.3
[INFO] [stderr]    Compiling build_const v0.2.1
[INFO] [stderr]    Compiling libz-sys v1.0.25
[INFO] [stderr]     Checking strum v0.17.1
[INFO] [stderr]     Checking idna v0.1.5
[INFO] [stderr]    Compiling snappy-sys v0.1.0 (https://github.com/busyjay/rust-snappy.git?branch=static-link#8c12738b)
[INFO] [stderr]    Compiling zstd-sys v1.4.15+zstd.1.4.4 (https://github.com/gyscos/zstd-rs.git#3df21bbc)
[INFO] [stderr]    Compiling libtitan_sys v0.0.1 (https://github.com/pingcap/rust-rocksdb.git?rev=3cd18c44d160a3cdba586d6502d51b7cc67efc59#3cd18c44)
[INFO] [stderr]    Compiling crc v1.8.1
[INFO] [stderr]    Compiling librocksdb_sys v0.1.0 (https://github.com/pingcap/rust-rocksdb.git?rev=3cd18c44d160a3cdba586d6502d51b7cc67efc59#3cd18c44)
[INFO] [stderr]    Compiling curve25519-dalek v1.2.3 (https://github.com/calibra/curve25519-dalek.git?branch=fiat#caa6b902)
[INFO] [stderr]     Checking bytes v0.4.12
[INFO] [stderr]     Checking parking_lot_core v0.7.0
[INFO] [stderr]     Checking qstring v0.7.2
[INFO] [stderr]     Checking chunked_transfer v1.0.0
[INFO] [stderr]    Compiling arrayvec v0.4.12
[INFO] [stderr]     Checking nodrop v0.1.14
[INFO] [stderr]     Checking parking_lot v0.10.0
[INFO] [stderr]     Checking tokio-executor v0.1.10
[INFO] [stderr]     Checking constant_time_eq v0.1.5
[INFO] [stderr]     Checking nohash-hasher v0.2.0
[INFO] [stderr]    Compiling synstructure v0.12.3
[INFO] [stderr]    Compiling syn-mid v0.5.0
[INFO] [stderr]     Checking url v1.7.2
[INFO] [stderr]    Compiling snow v0.6.2
[INFO] [stderr]     Checking tokio-timer v0.2.13
[INFO] [stderr]     Checking chacha20-poly1305-aead v0.1.2
[INFO] [stderr]     Checking linked-hash-map v0.5.2
[INFO] [stderr]    Compiling version_check v0.9.1
[INFO] [stderr]     Checking tokio-retry v0.2.0
[INFO] [stderr]     Checking regex-automata v0.1.8
[INFO] [stderr]     Checking csv-core v0.1.10
[INFO] [stderr]     Checking dtoa v0.4.5
[INFO] [stderr]    Compiling openssl-sys v0.9.54
[INFO] [stderr]     Checking cookie v0.12.0
[INFO] [stderr]     Checking mime v0.3.16
[INFO] [stderr]     Checking blake2-rfc v0.2.18
[INFO] [stderr]     Checking tokio-io v0.1.13
[INFO] [stderr]    Compiling num-bigint v0.2.6
[INFO] [stderr]     Checking ttl_cache v0.5.1
[INFO] [stderr]    Compiling unicase v2.6.0
[INFO] [stderr]     Checking lru-cache v0.1.2
[INFO] [stderr]     Checking http v0.1.21
[INFO] [stderr]    Compiling num-iter v0.1.40
[INFO] [stderr]    Compiling num-complex v0.2.4
[INFO] [stderr]    Compiling num-rational v0.2.3
[INFO] [stderr]    Compiling parking_lot_core v0.6.2
[INFO] [stderr]     Checking safemem v0.3.3
[INFO] [stderr]     Checking libra-secure-net v0.1.0 (/opt/rustwide/workdir/secure/net)
[INFO] [stderr]    Compiling parking_lot v0.9.0
[INFO] [stderr]    Compiling openssl v0.10.28
[INFO] [stderr]     Checking foreign-types-shared v0.1.1
[INFO] [stderr]     Checking openssl-probe v0.1.2
[INFO] [stderr] The following warnings were emitted during compilation:
[INFO] [stderr] 
[INFO] [stderr] warning: build/expando.c:4:24: error: pasting "RUST_VERSION_OPENSSL_" and "(" does not give a valid preprocessing token
[INFO] [stderr] warning:     4 | #define VERSION2(n, v) RUST_VERSION_##n##_##v
[INFO] [stderr] warning:       |                        ^~~~~~~~~~~~~
[INFO] [stderr] warning: build/expando.c:5:23: note: in expansion of macro 'VERSION2'
[INFO] [stderr] warning:     5 | #define VERSION(n, v) VERSION2(n, v)
[INFO] [stderr] warning:       |                       ^~~~~~~~
[INFO] [stderr] warning: build/expando.c:10:1: note: in expansion of macro 'VERSION'
[INFO] [stderr] warning:    10 | VERSION(OPENSSL, OPENSSL_VERSION_NUMBER)
[INFO] [stderr] warning:       | ^~~~~~~
[INFO] [stderr] 
[INFO] [stderr] error: failed to run custom build command for `openssl-sys v0.9.54`
[INFO] [stderr] note: To improve backtraces for build dependencies, set the CARGO_PROFILE_DEV_BUILD_OVERRIDE_DEBUG=true environment variable to enable debug information generation.
[INFO] [stderr] 
[INFO] [stderr] Caused by:
[INFO] [stderr]   process didn't exit successfully: `/opt/rustwide/target/debug/build/openssl-sys-7f72103afc36bf13/build-script-main` (exit status: 101)
[INFO] [stderr]   --- stdout
[INFO] [stderr]   cargo:rustc-cfg=const_fn
[INFO] [stderr]   cargo:rerun-if-env-changed=X86_64_UNKNOWN_LINUX_GNU_OPENSSL_LIB_DIR
[INFO] [stderr]   X86_64_UNKNOWN_LINUX_GNU_OPENSSL_LIB_DIR unset
[INFO] [stderr]   cargo:rerun-if-env-changed=OPENSSL_LIB_DIR
[INFO] [stderr]   OPENSSL_LIB_DIR unset
[INFO] [stderr]   cargo:rerun-if-env-changed=X86_64_UNKNOWN_LINUX_GNU_OPENSSL_INCLUDE_DIR
[INFO] [stderr]   X86_64_UNKNOWN_LINUX_GNU_OPENSSL_INCLUDE_DIR unset
[INFO] [stderr]   cargo:rerun-if-env-changed=OPENSSL_INCLUDE_DIR
[INFO] [stderr]   OPENSSL_INCLUDE_DIR unset
[INFO] [stderr]   cargo:rerun-if-env-changed=X86_64_UNKNOWN_LINUX_GNU_OPENSSL_DIR
[INFO] [stderr]   X86_64_UNKNOWN_LINUX_GNU_OPENSSL_DIR unset
[INFO] [stderr]   cargo:rerun-if-env-changed=OPENSSL_DIR
[INFO] [stderr]   OPENSSL_DIR unset
[INFO] [stderr]   cargo:rustc-link-lib=ssl
[INFO] [stderr]   cargo:rustc-link-lib=crypto
[INFO] [stderr]   OPT_LEVEL = Some("0")
[INFO] [stderr]   TARGET = Some("x86_64-unknown-linux-gnu")
[INFO] [stderr]   HOST = Some("x86_64-unknown-linux-gnu")
[INFO] [stderr]   CC_x86_64-unknown-linux-gnu = None
[INFO] [stderr]   CC_x86_64_unknown_linux_gnu = None
[INFO] [stderr]   HOST_CC = None
[INFO] [stderr]   CC = None
[INFO] [stderr]   CFLAGS_x86_64-unknown-linux-gnu = None
[INFO] [stderr]   CFLAGS_x86_64_unknown_linux_gnu = None
[INFO] [stderr]   HOST_CFLAGS = None
[INFO] [stderr]   CFLAGS = None
[INFO] [stderr]   CRATE_CC_NO_DEFAULTS = None
[INFO] [stderr]   DEBUG = Some("true")
[INFO] [stderr]   CARGO_CFG_TARGET_FEATURE = Some("fxsr,sse,sse2")
[INFO] [stderr]   running: "cc" "-O0" "-ffunction-sections" "-fdata-sections" "-fPIC" "-g" "-fno-omit-frame-pointer" "-m64" "-I" "/usr/include" "-Wall" "-Wextra" "-E" "build/expando.c"
[INFO] [stderr]   cargo:warning=build/expando.c:4:24: error: pasting "RUST_VERSION_OPENSSL_" and "(" does not give a valid preprocessing token
[INFO] [stderr]   cargo:warning=    4 | #define VERSION2(n, v) RUST_VERSION_##n##_##v
[INFO] [stderr]   cargo:warning=      |                        ^~~~~~~~~~~~~
[INFO] [stderr]   cargo:warning=build/expando.c:5:23: note: in expansion of macro 'VERSION2'
[INFO] [stderr]   cargo:warning=    5 | #define VERSION(n, v) VERSION2(n, v)
[INFO] [stderr]   cargo:warning=      |                       ^~~~~~~~
[INFO] [stderr]   cargo:warning=build/expando.c:10:1: note: in expansion of macro 'VERSION'
[INFO] [stderr]   cargo:warning=   10 | VERSION(OPENSSL, OPENSSL_VERSION_NUMBER)
[INFO] [stderr]   cargo:warning=      | ^~~~~~~
[INFO] [stderr]   exit status: 1
[INFO] [stderr] 
[INFO] [stderr]   --- stderr
[INFO] [stderr]   thread 'main' panicked at '
[INFO] [stderr]   Header expansion error:
[INFO] [stderr]   Error { kind: ToolExecError, message: "Command \"cc\" \"-O0\" \"-ffunction-sections\" \"-fdata-sections\" \"-fPIC\" \"-g\" \"-fno-omit-frame-pointer\" \"-m64\" \"-I\" \"/usr/include\" \"-Wall\" \"-Wextra\" \"-E\" \"build/expando.c\" with args \"cc\" did not execute successfully (status code exit status: 1)." }
[INFO] [stderr] 
[INFO] [stderr]   Failed to find OpenSSL development headers.
[INFO] [stderr] 
[INFO] [stderr]   You can try fixing this setting the `OPENSSL_DIR` environment variable
[INFO] [stderr]   pointing to your OpenSSL installation or installing OpenSSL headers package
[INFO] [stderr]   specific to your distribution:
[INFO] [stderr] 
[INFO] [stderr]       # On Ubuntu
[INFO] [stderr]       sudo apt-get install libssl-dev
[INFO] [stderr]       # On Arch Linux
[INFO] [stderr]       sudo pacman -S openssl
[INFO] [stderr]       # On Fedora
[INFO] [stderr]       sudo dnf install openssl-devel
[INFO] [stderr] 
[INFO] [stderr]   See rust-openssl README for more information:
[INFO] [stderr] 
[INFO] [stderr]       https://github.com/sfackler/rust-openssl#linux
[INFO] [stderr]   ', /opt/rustwide/cargo-home/registry/src/index.crates.io-6f17d22bba15001f/openssl-sys-0.9.54/build/main.rs:126:13
[INFO] [stderr]   stack backtrace:
[INFO] [stderr]      0:     0x55d730645d91 - std::backtrace_rs::backtrace::libunwind::trace::h036e87df56fc4b9d
[INFO] [stderr]                                  at /rustc/9610dfe5a9a731ced1ea4923ecbd0c57fe367898/library/std/src/../../backtrace/src/backtrace/libunwind.rs:93:5
[INFO] [stderr]      1:     0x55d730645d91 - std::backtrace_rs::backtrace::trace_unsynchronized::hd61eb2dbd6ae476a
[INFO] [stderr]                                  at /rustc/9610dfe5a9a731ced1ea4923ecbd0c57fe367898/library/std/src/../../backtrace/src/backtrace/mod.rs:66:5
[INFO] [stderr]      2:     0x55d730645d91 - std::sys_common::backtrace::_print_fmt::h00c50d0875db23c9
[INFO] [stderr]                                  at /rustc/9610dfe5a9a731ced1ea4923ecbd0c57fe367898/library/std/src/sys_common/backtrace.rs:65:5
[INFO] [stderr]      3:     0x55d730645d91 - <std::sys_common::backtrace::_print::DisplayBacktrace as core::fmt::Display>::fmt::h63195ab2dde77ccc
[INFO] [stderr]                                  at /rustc/9610dfe5a9a731ced1ea4923ecbd0c57fe367898/library/std/src/sys_common/backtrace.rs:44:22
[INFO] [stderr]      4:     0x55d730667caf - core::fmt::rt::Argument::fmt::h83f4110348c688f4
[INFO] [stderr]                                  at /rustc/9610dfe5a9a731ced1ea4923ecbd0c57fe367898/library/core/src/fmt/rt.rs:138:9
[INFO] [stderr]      5:     0x55d730667caf - core::fmt::write::h509367dd365f983a
[INFO] [stderr]                                  at /rustc/9610dfe5a9a731ced1ea4923ecbd0c57fe367898/library/core/src/fmt/mod.rs:1094:21
[INFO] [stderr]      6:     0x55d730643471 - std::io::Write::write_fmt::h8e60bfebdaabfee5
[INFO] [stderr]                                  at /rustc/9610dfe5a9a731ced1ea4923ecbd0c57fe367898/library/std/src/io/mod.rs:1713:15
[INFO] [stderr]      7:     0x55d730645ba5 - std::sys_common::backtrace::_print::h96e550016098cde6
[INFO] [stderr]                                  at /rustc/9610dfe5a9a731ced1ea4923ecbd0c57fe367898/library/std/src/sys_common/backtrace.rs:47:5
[INFO] [stderr]      8:     0x55d730645ba5 - std::sys_common::backtrace::print::h7a049611b153a02e
[INFO] [stderr]                                  at /rustc/9610dfe5a9a731ced1ea4923ecbd0c57fe367898/library/std/src/sys_common/backtrace.rs:34:9
[INFO] [stderr]      9:     0x55d730647277 - std::panicking::default_hook::{{closure}}::h1b023d46676794c4
[INFO] [stderr]     10:     0x55d730647064 - std::panicking::default_hook::hea2961dabcf68e83
[INFO] [stderr]                                  at /rustc/9610dfe5a9a731ced1ea4923ecbd0c57fe367898/library/std/src/panicking.rs:288:9
[INFO] [stderr]     11:     0x55d73064772c - std::panicking::rust_panic_with_hook::h4285c91a8168b001
[INFO] [stderr]                                  at /rustc/9610dfe5a9a731ced1ea4923ecbd0c57fe367898/library/std/src/panicking.rs:705:13
[INFO] [stderr]     12:     0x55d730647627 - std::panicking::begin_panic_handler::{{closure}}::h6ebd0d46f0c6b010
[INFO] [stderr]                                  at /rustc/9610dfe5a9a731ced1ea4923ecbd0c57fe367898/library/std/src/panicking.rs:597:13
[INFO] [stderr]     13:     0x55d7306461c6 - std::sys_common::backtrace::__rust_end_short_backtrace::h92042d128576b63a
[INFO] [stderr]                                  at /rustc/9610dfe5a9a731ced1ea4923ecbd0c57fe367898/library/std/src/sys_common/backtrace.rs:151:18
[INFO] [stderr]     14:     0x55d730647372 - rust_begin_unwind
[INFO] [stderr]                                  at /rustc/9610dfe5a9a731ced1ea4923ecbd0c57fe367898/library/std/src/panicking.rs:593:5
[INFO] [stderr]     15:     0x55d7305b8693 - core::panicking::panic_fmt::h65404fc8061ee73a
[INFO] [stderr]                                  at /rustc/9610dfe5a9a731ced1ea4923ecbd0c57fe367898/library/core/src/panicking.rs:67:14
[INFO] [stderr]     16:     0x55d7305bcda1 - build_script_main::validate_headers::h1b25adc4842ce868
[INFO] [stderr]     17:     0x55d7305c3f0d - build_script_main::find::try_pkg_config::ha1962e72e3f2c393
[INFO] [stderr]     18:     0x55d7305c2d9a - build_script_main::find::find_openssl_dir::h7f64bcd38b75f266
[INFO] [stderr]     19:     0x55d7305c2be2 - build_script_main::find::get_openssl::{{closure}}::hc0874c66279c5cce
[INFO] [stderr]     20:     0x55d7305be269 - core::option::Option<T>::unwrap_or_else::hd4fc48714ac3ca47
[INFO] [stderr]     21:     0x55d7305c29d1 - build_script_main::find::get_openssl::h851ef22ec4286b1d
[INFO] [stderr]     22:     0x55d7305ba805 - build_script_main::main::h5e58caaba48229d5
[INFO] [stderr]     23:     0x55d7305c4ec3 - core::ops::function::FnOnce::call_once::he6ea8e75a38cde60
[INFO] [stderr]     24:     0x55d7305c5736 - std::sys_common::backtrace::__rust_begin_short_backtrace::h10a872a0d9e044f0
[INFO] [stderr]     25:     0x55d7305c0fa9 - std::rt::lang_start::{{closure}}::h55d9092d45c0fb01
[INFO] [stderr]     26:     0x55d73063f805 - core::ops::function::impls::<impl core::ops::function::FnOnce<A> for &F>::call_once::h49ef85a8a8d45198
[INFO] [stderr]                                  at /rustc/9610dfe5a9a731ced1ea4923ecbd0c57fe367898/library/core/src/ops/function.rs:284:13
[INFO] [stderr]     27:     0x55d73063f805 - std::panicking::try::do_call::ha1def14af693a135
[INFO] [stderr]                                  at /rustc/9610dfe5a9a731ced1ea4923ecbd0c57fe367898/library/std/src/panicking.rs:500:40
[INFO] [stderr]     28:     0x55d73063f805 - std::panicking::try::haa3dc2a1139932e2
[INFO] [stderr]                                  at /rustc/9610dfe5a9a731ced1ea4923ecbd0c57fe367898/library/std/src/panicking.rs:464:19
[INFO] [stderr]     29:     0x55d73063f805 - std::panic::catch_unwind::h9d9cbebaf9f15c67
[INFO] [stderr]                                  at /rustc/9610dfe5a9a731ced1ea4923ecbd0c57fe367898/library/std/src/panic.rs:142:14
[INFO] [stderr]     30:     0x55d73063f805 - std::rt::lang_start_internal::{{closure}}::hf660a772669a69cc
[INFO] [stderr]                                  at /rustc/9610dfe5a9a731ced1ea4923ecbd0c57fe367898/library/std/src/rt.rs:148:48
[INFO] [stderr]     31:     0x55d73063f805 - std::panicking::try::do_call::hb1c34715bb9b1c46
[INFO] [stderr]                                  at /rustc/9610dfe5a9a731ced1ea4923ecbd0c57fe367898/library/std/src/panicking.rs:500:40
[INFO] [stderr]     32:     0x55d73063f805 - std::panicking::try::h499866fd990da8f1
[INFO] [stderr]                                  at /rustc/9610dfe5a9a731ced1ea4923ecbd0c57fe367898/library/std/src/panicking.rs:464:19
[INFO] [stderr]     33:     0x55d73063f805 - std::panic::catch_unwind::hac1ffec55b72e7bc
[INFO] [stderr]                                  at /rustc/9610dfe5a9a731ced1ea4923ecbd0c57fe367898/library/std/src/panic.rs:142:14
[INFO] [stderr]     34:     0x55d73063f805 - std::rt::lang_start_internal::h0fecf91cd579e7b6
[INFO] [stderr]                                  at /rustc/9610dfe5a9a731ced1ea4923ecbd0c57fe367898/library/std/src/rt.rs:148:20
[INFO] [stderr]     35:     0x55d7305c0f87 - std::rt::lang_start::h1e74f1840cecdeb8
[INFO] [stderr]     36:     0x55d7305bdab5 - main
[INFO] [stderr]     37:     0x7f5337d17d90 - <unknown>
[INFO] [stderr]     38:     0x7f5337d17e40 - __libc_start_main
[INFO] [stderr]     39:     0x55d7305b8e25 - _start
[INFO] [stderr]     40:                0x0 - <unknown>
[INFO] [stderr] warning: build failed, waiting for other jobs to finish...
[INFO] running `Command { std: "docker" "inspect" "6e95372c9f9a9ae70252b67211965b3b0f958a7cd4d9339af509a89a61239c0a", kill_on_drop: false }`
[INFO] running `Command { std: "docker" "rm" "-f" "6e95372c9f9a9ae70252b67211965b3b0f958a7cd4d9339af509a89a61239c0a", kill_on_drop: false }`
[INFO] [stdout] 6e95372c9f9a9ae70252b67211965b3b0f958a7cd4d9339af509a89a61239c0a
